6
Let l(x) = 11*x**3 - 2*x**2 - 6*x + 1. Let j(s) = 10*s**3 - s**2 - 5*s. Let z(o) = 5*j(o) - 4*l(o). What is the units digit of z(2)?
4
Suppose -4*b + 40 = 2*t, 6*t = t + b + 56. Let h be 13 - 0*4/t. Suppose -5*z + h = -4*q + 124, 0 = 2*q - 2*z - 54. What is the tens digit of q?
2
Let t = 709 - -404. What is the units digit of t?
3
Let n = 0 + -2. Let g be 8/(-12)*3 + n. What is the tens digit of ((-3)/g)/(1/28)?
2
Let j(o) = -29*o**2 - o + 4. Let p be j(3). What is the units digit of p/(-8) + 1/2?
3
Suppose 35 = -b + 2*v - 0*v, -3*v + 66 = -2*b. Let q = b + 29. Suppose 108 = q*z - 22. What is the units digit of z?
5
Let b = -7 - -10. Let u be 4*(-1)/2 + b. What is the units digit of -2 - (-3 - 10)/u?
1
Let k(t) = 91*t + 2. What is the tens digit of k(3)?
7
Let g = -15 - -30. Suppose -5*i = -i - 736. What is the tens digit of 3/g - i/(-5)?
3
Let n = -25 + 13. Let a = n + 84. Suppose -3*q - 4*v + 224 = 0, q + 0*v - a = -2*v. What is the tens digit of q?
8
Suppose -4*k - 100 = -2*p, 3*k - 4*p + 0*p + 75 = 0. What is the units digit of k*(-8)/(1 - -1)?
0
Let k = 19 + -16. Suppose 0*i = -4*h + i + 5, 3*h - 3*i = -k. Suppose 61 = h*u + 1. What is the units digit of u?
0
Suppose -9*h = -8545 - 12515. What is the hundreds digit of h?
3
Let w(m) = 40*m**2 - 4*m + 3. Let v(p) = -80*p**2 + 9*p - 7. Let d be 4/(-22) - (-404)/44. Let a(t) = d*w(t) + 4*v(t). What is the tens digit of a(-1)?
3
Let x = 781 - -189. What is the units digit of x?
0
Suppose 4*n - 3*a - 16 = 0, 2*a + 0*a - 8 = -2*n. Let l be ((-8)/56*0)/(3 + -1). Suppose -5*k = -3*s + 139, 191 = n*s - l*k - k. What is the units digit of s?
8
Suppose -z - 20 = -2*f, -5 = -2*z - 1. Suppose -f*w = -3*w - 472. What is the tens digit of w?
5
Let z = 61 + -42. Let v = 38 - z. What is the tens digit of v?
1
Let o = -19 + 85. What is the units digit of 120/(-36)*o/(-5)?
4
Suppose -921 = -7*p + 654. What is the tens digit of p?
2
Let w(q) = -q**2 - 2*q + 182. What is the tens digit of w(-13)?
3
Let r(h) = h**3 + 5*h**2 - 6*h + 8. Let n be r(-6). Suppose 7*m = 2*u + 10*m - 10, n = 4*m. What is the units digit of u?
2
Let n(j) = j - 1. Let m(o) = 30*o - 15. Let l(u) = m(u) - 18*n(u). What is the tens digit of l(7)?
8
Let t(d) = 48*d + 7. Let k be t(5). Suppose 5*r = 4*c - k, -2*c + 110 = -r - 9. Let m = c + -26. What is the tens digit of m?
3
Let q be ((-2)/4)/(13/416). What is the tens digit of ((-3)/16)/((-1)/(-36))*q?
0
Let z(t) be the first derivative of t**4/4 + 3*t**3 - 5*t**2 - 6. What is the tens digit of z(-9)?
9
Let g(x) = 2*x**2 + 6*x + 1289. What is the hundreds digit of g(0)?
2
Let u(f) = -2*f + 1. Let t be u(-2). Suppose t*g - 270 = -3*i, -i + 3*g = 3*i - 389. What is the tens digit of i?
9
Suppose 0 = -v + 3 - 5. Let k be (-1)/(2*v/8). Suppose c + 61 = k*r, -r = -2*c + c - 28. What is the units digit of r?
3
Let c(n) = -10*n**3 - 8*n**2 - 35*n - 7. What is the thousands digit of c(-7)?
3
Let d(u) = 151 - 2*u - 5*u + 4*u. What is the hundreds digit of d(0)?
1
Let l(p) = p**3 + 6*p**2 + 11. Let f be 2/12 + (-259)/42. What is the tens digit of l(f)?
1
Let o(r) = -r**3 + 8*r**2 - 6*r + 3. Let x be o(9). Let d = 186 + x. Let n = 91 - d. What is the tens digit of n?
3
Let y be 3 + (12/(-18))/((-2)/3). Suppose 349 = y*n - 19. What is the units digit of n?
2
Suppose 3*n = o - 72, -2*n + 7*n = 4*o - 253. Let f = 89 - 51. Let k = o - f. What is the units digit of k?
9
Let m(c) = -76*c**2 - 11*c + 8. Let o(b) = -25*b**2 - 4*b + 3. Let i(v) = -4*m(v) + 11*o(v). Suppose -19*y = 3 + 16. What is the units digit of i(y)?
0
Suppose 4*o + 5*u - 8*u = 1140, -12 = -3*u. What is the units digit of o?
8
Let h(s) be the second derivative of -136*s**3/3 - s**2 + 28*s. What is the hundreds digit of h(-1)?
2
Suppose 0 = -3*m - 2*n + 1350, -5*m + n - 2257 = -10*m. What is the tens digit of m?
5
Let d(l) = 3455*l**2 - 91*l - 91. What is the tens digit of d(-1)?
5
Let q = -15 + 25. Suppose u + 0*u = 0. Suppose u*j + q = j. What is the units digit of j?
0
Suppose -4*v + 1728 = 4*v. Suppose h = -3*h + v. What is the units digit of h?
4
Suppose -4*f = 2*r + 14 - 0, 0 = -5*r + 3*f + 4. What is the tens digit of 139 - -1 - (-1 + r)?
4
Suppose -4 = -3*c - 1. Suppose x - c = -2. What is the units digit of 3 - (-7)/(-1)*x?
0
Suppose -13*c + 27717 = -1702. What is the hundreds digit of c?
2
Suppose 16*l - 840 = 9*l. Let d = l - -86. What is the hundreds digit of d?
2
Let f(z) = -z. Let y(l) = l**3 - 14*l**2 + 14*l + 19. Let i(n) = -3*f(n) - y(n). What is the units digit of i(13)?
7
Suppose 11*v - w - 305 = 7*v, -4*v = w - 311. Suppose v*z = 83*z - 732. What is the units digit of z?
2
Let q be (1 + 2 + 0)/1. Let f(d) = -d**2 + 12*d - 6*d**2 - 3*d**2 - 3*d**2 - d**q - 19. What is the units digit of f(-14)?
9
Let i(d) be the first derivative of -d**4/2 - 5*d**3/3 - 6*d**2 - 2*d + 9. What is the tens digit of i(-5)?
8
Let h = 42 - 47. What is the tens digit of 2/h + 231/15 + -2?
1
Suppose 537 = -5*o + 4*g, -3*g + 8*g + 119 = -o. Let q = -79 - o. What is the units digit of q?
0
Let x(g) = 52*g - 216. What is the hundreds digit of x(12)?
4
What is the hundreds digit of 5/55 + 13192/88?
1
Suppose -3751 - 3761 = -12*d. What is the tens digit of d?
2
Suppose 7*z - 2*z = g + 57, -96 = 2*g - 4*z. What is the units digit of g/(-28)*88/6?
2
Let n = 127 + -122. Suppose n*i = a + 905, -2*a + 77 = -3*i + 613. What is the hundreds digit of i?
1
Suppose 8550 = -38*z + 48*z. What is the tens digit of z?
5
Suppose -3*x - 1769 = -5831. What is the hundreds digit of x?
3
Suppose 157 = -5*t + 3*x + 47, 140 = -5*t - 3*x. Let g = t + 35. What is the tens digit of g/2*(-84)/(-35)?
1
Let l be ((-4)/(-24)*3)/(2/12). What is the units digit of (-30)/(-25)*280/l?
2
Suppose -7*x = -2*x + 3080. Let g = -421 - x. What is the hundreds digit of g?
1
Let k(f) = -f + 44. What is the tens digit of k(17)?
2
Suppose -i - 11 = -141. What is the units digit of i?
0
Let i be (-35)/2*120/(-14). Suppose -2*v + i = -v. Suppose 6*s - 5*d = s + v, -4*s + 2*d + 128 = 0. What is the tens digit of s?
3
Suppose 0 = 3*x - 5*x + 48. Suppose 0 = -5*p + 5*v + 40 - 10, 3*p = 5*v + x. What is the units digit of ((-2)/p)/((-2)/63)?
1
Let z(y) = y**2 + 2*y - 5. Let d be z(3). Suppose -j = -d*j + 666. What is the units digit of j?
4
Let o(n) = -n**2 - 18*n + 12. Let t be o(-13). Let u = 27 - t. Let h = u + 106. What is the tens digit of h?
5
Let o(i) = -2*i**3 - 3 + 2*i**2 + 6*i + 4 - 8*i. Let n be o(2). Let d(p) = -p**3 - 10*p**2 + 7*p - 7. What is the tens digit of d(n)?
3
Let l = -53 - -55. What is the units digit of 90 + l + (0/(-2) - -2)?
4
Let i = 663 - 232. What is the units digit of i?
1
Suppose 6*z - 244 = 38. Suppose -66 = -s - 4*g, g = -2*s + 207 - z. What is the units digit of s?
2
Suppose 14874 = 2*w + 5756. What is the tens digit of w?
5
Suppose -4*m - 4 = j, -j - 3*m = -2*m + 1. Suppose -2*t + 72 = 5*a + 12, j = -3*a - t + 36. What is the units digit of a?
2
Let d = -203 - -212. What is the units digit of d?
9
Suppose 23*t + 7671 - 23771 = 0. What is the tens digit of t?
0
Let d(t) = -9*t + 28. Let a be d(7). Let v = 92 + a. What is the tens digit of v?
5
Suppose q - 9 - 11 = -4*n, q - 4*n - 12 = 0. Let k = q - 9. What is the units digit of (21/k)/(6/4)?
2
Let d = 300 + -222. What is the tens digit of d?
7
Suppose -r = -4*b - 8, -13 - 1 = -2*b - 4*r. Let c(f) be the third derivative of -f**6/24 + 20*f**2. What is the units digit of c(b)?
5
Let j = 13 - 10. Let o be -5*(33/15 - j). Suppose o*h + h - 85 = 0. What is the tens digit of h?
1
Let m(b) = -17*b + 16. Let l be m(7). Let v = 70 - l. What is the tens digit of v?
7
Let k = 717 + -487. What is the tens digit of k?
3
Let u(k) be the first derivative of 2*k**3/3 - 7*k**2/2 + 18*k + 9. What is the units digit of u(9)?
7
What is the units digit of (-5 - (-2 + -11 + -2))*148?
0
Let q(o) = -5*o - 31. Let j be q(-7). What is the units digit of (2 - j)/2 + 2 + 48?
9
Suppose -2034 = -2*q - 43*w + 45*w, -5*w + 5105 = 5*q. What is the thousands digit of q?
1
Suppose -4*l = -3*l - 2. Suppose 0*r = -l*r - 988. What is the units digit of (-4)/14 - r/14?
5
Suppose -3*f + 967 = -266. What is the hundreds digit of f?
4
Let u = 45 + 36. Suppose -j + p = -57, -4*p + u = 4*j - 115. What is the units digit of j?
3
Let h(n) = -n**2 + 26